*l**2 - 2133*l + 441. Calculate x(126).
1575
Let s(a) = 666*a - 40776. What is s(61)?
-150
Let w(t) = t**2 - 401*t + 28911. Determine w(95).
-159
Let j(r) = -21802*r - 130891. What is j(-6)?
-79
Let f(r) = -305*r**2 + 30801*r + 4. Calculate f(101).
-400
Let x(s) = -s**3 - 83*s**2 - 1645*s + 691. What is x(-49)?
-338
Let l(d) = -d**3 + 10858*d**2 + 76060*d + 34. Give l(-7).
-1
Let w(g) = g**3 - 118*g**2 + 149*g + 9438. Determine w(116).
-190
Let m(a) = 3*a**3 - 27*a**2 - 567*a + 42. Give m(19).
99
Let u(a) = 1196*a + 14343. Calculate u(-12).
-9
Let d(n) = -2*n**3 + 123*n**2 - 497*n - 861. Determine d(57).
51
Let r(f) = -2958*f + 9759. What is r(3)?
885
Let x(m) = 2*m**2 - 2330*m - 30521. Give x(-13).
107
Let h(n) = 2621*n + 29116. Determine h(-11).
285
Let v(m) = 14061*m - 323404. Give v(23).
-1
Let g(l) = -2*l**3 - 6*l**2 + 53*l - 153. Determine g(3).
-102
Let t(l) = -l**3 + 579*l - 5222. Give t(12).
-2
Let t(y) = -2*y**3 - 298*y**2 + 5*y + 628. Give t(-149).
-117
Let w(h) = 269*h - 2108. Give w(10).
582
Let i(d) = -6*d**2 + 1488*d - 38104. Give i(219).
2
Let i(y) = 170*y + 23566. Determine i(-125).
2316
Let t(s) = -s**2 - 21*s - 938. Give t(-33).
-1334
Let n(k) = -44*k**3 - 1918*k**2 - 2942*k - 74. What is n(-42)?
10
Let u(x) = 7*x**2 - 302*x + 421. What is u(41)?
-194
Let r(o) = o**2 + 6369*o - 359840. Give r(56).
-40
Let f(c) = -12*c + 1996. What is f(64)?
1228
Let o(t) = 2022*t - 2035. Calculate o(1).
-13
Let l(g) = -247*g + 12817. Determine l(51).
220
Let a(y) = -755*y**2 + 16645*y - 766. Give a(22).
4
Let b(h) = -h**2 + 459*h - 7550. Give b(17).
-36
Let h(c) = 262*c**2 - 523*c - 221. Give h(2).
-219
Let g(y) = 552*y + 330. Calculate g(-2).
-774
Let q(m) = 53772*m - 161312. What is q(3)?
4
Let g(w) = w**2 + 753*w + 63948. Give g(-97).
316
Let j(y) = -2*y**3 - 128*y**2 - 1301*y - 168. What is j(-13)?
-493
Let d(t) = -1383*t - 7478. Calculate d(-6).
820
Let o(b) = -208*b**2 + 104420*b - 2020. Give o(502).
-12
Let k(v) = 1758*v + 1590927. Give k(-905).
-63
Let s(z) = -3*z**2 + 387*z - 444. Determine s(126).
690
Let z(y) = -306625*y - 2453001. Determine z(-8).
-1
Let y(r) = -6489523*r + 58405709. Give y(9).
2
Let d(z) = -z**3 + 25*z**2 - 43*z + 59. Calculate d(24).
-397
Let u(p) = 8725*p - 6011524. Calculate u(689).
1
Let c(g) = -2814*g - 2026054. What is c(-720)?
26
Let o(p) = 2*p**3 - 220*p**2 - 312*p + 33958. Determine o(110).
-362
Let p(w) = w**3 - 16*w**2 - 92*w + 807. Determine p(10).
-713
Let y(z) = z**2 + 1467*z + 130358. Give y(-95).
18
Let b(r) = 1142*r - 270610. Determine b(237).
44
Let r(a) = a**3 - 632*a**2 + 66*a - 41702. Give r(632).
10
Let k(v) = 271*v + 7520. Determine k(-18).
2642
Let c(o) = -4*o**3 - 23*o**2 + 51*o - 67. What is c(6)?
-1453
Let j(p) = 1178*p + 14866. Give j(-13).
-448
Let c(m) = 323*m - 39027. Determine c(110).
-3497
Let i(c) = -c**3 - 44*c**2 + 611*c + 17937. Calculate i(-49).
3
Let c(z) = -z**3 + 25*z**2 - 56*z + 1966. Give c(26).
-166
Let y(g) = 19320*g + 540967. Give y(-28).
7
Let t(p) = 9*p**3 - 10*p**2 - 32*p + 190. Calculate t(6).
1582
Let y(m) = 28*m**2 + 282*m + 12. Determine y(-11).
298
Let h(y) = 4*y**3 - 642*y**2 - 6465*y + 847. Give h(170).
-3
Let b(j) = j**3 + 6*j**2 + 1047*j - 8627. Determine b(8).
645
Let r(s) = -3*s**2 + 2380*s - 16456. Determine r(7).
57
Let s(q) = -3*q**2 - 4262*q - 1196200. Give s(-385).
-5
Let q(v) = v**3 - 134*v**2 + 1127*v - 317. Calculate q(125).
-67
Let x(r) = 391*r - 5030. Give x(12).
-338
Let x(i) = -82*i + 1806. Calculate x(37).
-1228
Let u(y) = 7*y**3 + 74*y**2 - 70*y - 647. Calculate u(-10).
453
Let x(k) = k**2 - 26603*k + 425386. Calculate x(16).
-6
Let u(t) = 23*t**2 - 2055*t + 40499. Determine u(60).
-1
Let i(l) = 395*l + 36998. What is i(-94)?
-132
Let t(l) = 375172*l + 750354. Give t(-2).
10
Let k(m) = 14*m**2 + 20345*m + 523707. Give k(-1427).
-2
Let g(s) = s**3 - 18*s**2 + 63*s + 43. Give g(5).
33
Let k(c) = c**3 + 25*c**2 - 427*c + 1296. Calculate k(8).
-8
Let q(u) = -4*u**2 - 1575*u + 1852. Determine q(-395).
-123
Let m(t) = 26*t**2 + 161*t + 941. What is m(-6)?
911
Let y(r) = -36562*r**2 - 255955*r - 128. Determine y(-7).
19
Let i(x) = x**3 - 584*x**2 - 1117*x - 32346. What is i(586)?
-116
Let v(y) = 9*y**3 + 309*y**2 + 398*y - 7. Determine v(-33).
-73
Let j(s) = -1341*s**2 + 110*s + 111. What is j(-1)?
-1340
Let g(k) = 6*k**2 - 1048*k + 8937. Calculate g(9).
-9
Let t(n) = 61*n**2 + 33373*n + 36599. What is t(-546)?
17
Let o(y) = -183*y + 3295. Calculate o(29).
-2012
Let b(q) = q**3 - 32*q**2 - 64*q - 78. Give b(34).
58
Let c(b) = 30723*b - 153463. Determine c(5).
152
Let u(g) = -85*g - 3901. Determine u(-15).
-2626
Let p(a) = -2988*a + 102206. Calculate p(34).
614
Let i(k) = 4*k**3 + 1169*k**2 - 5627*k + 4747. Determine i(-297).
-5
Let l(b) = 4*b**2 - 9435*b - 85152. Give l(-9).
87
Let v(a) = 53269*a + 1704609. What is v(-32)?
1
Let c(p) = 69*p - 1040. Determine c(15).
-5
Let w(h) = 236*h**2 + 27618*h - 79. What is w(-117)?
-781
Let f(s) = -8*s**3 + 1199*s**2 + 163*s - 1982. What is f(150)?
-32
Let h(s) = -8*s**2 - 629*s - 2500. What is h(-4)?
-112
Let s(q) = 1123*q - 284. Calculate s(-1).
-1407
Let n(j) = 76660*j + 1763183. Determine n(-23).
3
Let x(q) = -2*q**3 + 64*q**2 - 23*q + 90. Give x(32).
-646
Let u(y) = 4*y**3 - 503*y**2 - 119*y - 945. Calculate u(126).
-63
Let p(n) = -475*n + 1937. Calculate p(5).
-438
Let z(a) = a**2 + 8187*a - 114995. Determine z(14).
-181
Let m(y) = -104*y - 6164. Determine m(-44).
-1588
Let q(f) = -308*f - 2150. What is q(-8)?
314
Let v(n) = -10*n**3 - 59*n**2 - 66*n - 46. What is v(-5)?
59
Let q(s) = -12*s**2 + 3521*s - 252081. Calculate q(124).
11
Let q(v) = 1605*v + 33348. Determine q(-21).
-357
Let k(s) = -s**3 + 17*s**2 - 184*s + 2256. Determine k(13).
540
Let r(q) = q**2 + 281*q + 10939. Calculate r(-236).
319
Let k(g) = 2*g**3 + 62*g**2 - 2485*g - 14. Determine k(23).
-37
Let n(i) = -i**3 - 689*i**2 - 1397*i - 15808. Determine n(-687).
-7
Let r(j) = -930*j - 14942. Determine r(-16).
-62
Let z(c) = c**3 + 52*c**2 - 29*c + 907. Give z(-53).
-365
Let k(o) = o**3 + 4*o**2 + 537*o + 3294. Determine k(-6).
0
Let v(h) = -21436*h - 42869. Determine v(-2).
3
Let k(s) = 5*s**3 + 12*s**2 + 32*s + 31. Calculate k(-6).
-809
Let g(s) = -2*s**3 - 40*s**2 - 73*s - 1474. Determine g(-20).
-14
Let a(f) = 46258*f - 647688. Give a(14).
-76
Let r(l) = 2430*l + 109356. What is r(-45)?
6
Let w(i) = 1930*i - 617598. What is w(320)?
2
Let u(i) = -i**2 + 182*i - 1705. Calculate u(10).
15
Let f(h) = -9*h**2 + 8*h - 23. What is f(0)?
-23
Let h(f) = -13*f**3 - 7734*f**2 + 619*f + 14189. What is h(-595)?
-91
Let y(u) = 105815*u + 529155. Determine y(-5).
80
Let g(r) = -2*r**3 + 304*r**2 + 615*r - 205. What is g(154)?
-359
Let d(p) = -p**3 - p**2 + 306*p - 58. What is d(17)?
-58
Let h(p) = -p**3 + 425*p**2 - 33*p + 14024. What is h(425)?
-1
Let x(r) = 412*r + 50568. Calculate x(-122).
304
Let o(a) = 2*a**3 - 13*a**2 + 27*a - 76. Give o(7).
162
Let y(r) = 4*r**3 + 6*r**2 + 36*r + 1. Determine y(-6).
-863
Let j(c) = -1068*c**2 + 12817*c - 15. Determine j(12).
-3
Let s(d) = 1388*d + 4052. Determine s(-3).
-112
Let d(o) = -590*o - 8862. What is d(-15)?
-12
Let h(m) = m**2 + 7217*m + 14458. Determine h(-2).
28
Let y(d) = -d**3 + 33*d**2 + 484*d - 15954. Give y(33).
18
Let j(u) = u**3 - 124*u**2 + 923*u + 553. What is j(116)?
-27
Let a(y) = 3*y**2 - 451*y - 167823. Calculate a(-173).
-13
Let l(c) = c**2 + 455*c - 5120. What is l(-466)?
6
Let f(d) = 2*d**3 - 1799*d**2 + 313620*d - 13921. What is f(663)?
2
Let v(p) = -85*p**2 + 15302*p - 377. Determine v(180).
-17
Let u(l) = 21909*l - 262913. Give u(12).
-5
Let a(n) = 153*n**2 + 2693*n - 1102. Give a(-18).
-4
Let f(w) = 9518*w - 38064. Give f(4).
8
Let x(q) = -38360*q - 76592. What is x(-2)?
128
Let g(c) = -c**3 - 154*c**2 - 268*c + 5478. Give g(-152).
6
Let f(x) = 2*x**3 - 27*x**2 + 127*x - 56. Give f(10).
514
Let w(d) = -7*d**2 + 1083*d + 8328. What is w(-8)?
-784
Let p(l) = 41*l**3 + 24*l**2 - 139*l - 141. Give p(-1).
-19
Let n(i) = -i**3 - 27*i**2 + 240*i - 655. Give n(-38).
6109
Let v(g) = -4*g**3 + 382*g**2 - 192*g + 147. What is v(95)?
-43
Let o(b) = -42*b**2 + 39*b - 340. Calculate o(6).
-1618
Let p(x) = -23*x**2 + 2192*x - 16293. Calculate p(8).
-229
Let k(p) = -91357*p + 2192582. Calcu